ighest common factor of 20 and g?
5
Let c = 28868 - 27300. What is the highest common factor of 518 and c?
14
Let c(f) = f**3 - 12*f**2 - 20*f + 105. Suppose 2814 - 2788 = 2*m. Let k be c(m). Calculate the highest common factor of k and 133.
7
Suppose -67*w - 111315 = 308209 - 4361134. What is the greatest common factor of 53 and w?
53
Suppose -5*a + 20 = 3*s, -2*a = -2*s + a - 12. Suppose 4*p - 5*p + 80 = 4*m, s = -5*p - m + 362. Calculate the greatest common divisor of 16 and p.
8
Let o(n) = 3*n**3 - 10*n**2 + 8*n - 7. Let u be o(6). Suppose -2*g - 5*d + 269 = 215, -5*g - 3*d = -59. What is the highest common factor of u and g?
7
Let p(w) = 1625*w + 4926. Let i be p(-3). What is the highest common factor of 22899 and i?
51
Suppose -17*o = 122*o - 76172. Calculate the highest common factor of 29318 and o.
274
Let n(a) = -a**3 + 5*a**2 + 10*a - 19. Let l(o) = -12*o + 222. Let w be l(18). Let j be n(w). Let s = 3 + 17. Calculate the greatest common factor of j and s.
5
Suppose -12*y + 68 = -110 + 118. Suppose 0*x + x - 215 = 0. Calculate the greatest common divisor of x and y.
5
Suppose -4*d + 67*d - 145656 = 0. Calculate the greatest common divisor of 24 and d.
8
Let d be 65/3 - 1/(-3). Suppose 6*v + 9 + 3 = 0. Let a be 1/(-2) + ((-38)/(-4) - v). What is the highest common divisor of d and a?
11
Let z(a) = a**2 + 41*a + 557. Let t be z(-12). Calculate the highest common divisor of t and 176.
11
Let q = -1228 + 1232. What is the greatest common divisor of 122 and q?
2
Suppose 3*t - 2*u - 9 = 0, -7 = 2*t + 3*u - 26. Let b be (-36)/54*(-1 - t)*15. Suppose 0 = 4*q - 115 + 35. What is the greatest common factor of b and q?
20
Let w = 125 - 110. Suppose 3*n - w = 6*n, -2*i - 5*n = -245. Calculate the greatest common factor of 54 and i.
27
Suppose -100 = -l - 4*g, 4*l = g - 0*g + 383. Suppose -24*o + l = -0. What is the greatest common factor of o and 36?
4
Let d(q) = -q**3 - 5*q**2 + 7*q + 2. Let n be d(-6). Let v be (306/n)/((-12)/16). Let l = 19271 + -19237. What is the highest common factor of l and v?
34
Let v(h) = h**3 + 7*h**2 + 2*h - 4. Let r be v(-5). Let f be (-8)/r - 1904/(-144). Let t = 1 - -12. Calculate the highest common factor of t and f.
13
Suppose 2*h - 4*s = 268, -272 = -4*h + 5*s + 255. Let f(b) = -44*b - 168. Let a be f(-4). Calculate the highest common divisor of h and a.
8
Let u be 7 + -1 + -2 + 207. Let r = 34 + u. What is the highest common divisor of 175 and r?
35
Let p(h) = 3*h**3 + 81*h**2 - 21*h - 273. Let q be p(-27). What is the highest common factor of 224 and q?
14
Suppose 4*y + 2*k - 2134 = 0, -65*k = 4*y - 68*k - 2119. Calculate the greatest common factor of y and 950.
38
Suppose 1313 = 3*u - g, 0 = -66*g + 70*g + 8. What is the greatest common factor of u and 184?
23
Let y = 327 + -162. Let m(r) = -r**3 + 6*r**2 - r + 2. Let q be m(0). Suppose -q*t = -0*t, 45 = 3*v - 4*t. What is the greatest common divisor of y and v?
15
Let c be (-8)/3 - (-289066)/114. What is the highest common divisor of 34 and c?
17
Suppose -t = -3*l + 1 + 163, -l + 5*t = -78. Calculate the greatest common factor of 53 and l.
53
Let v = 27 - -3. Let o = -903 + 949. Suppose 3*n + m - o - 88 = 0, 87 = 2*n + 3*m. What is the highest common divisor of v and n?
15
Let m = -16758 - -16786. What is the greatest common divisor of m and 372?
4
Suppose -j = 10 - 12, -2*j = 2*f + 1064. Let v = -238 - f. Calculate the highest common factor of 8 and v.
8
Let a = 2 + 1. Suppose -c + 10 = c, 5*t + 3*c - 310 = 0. Suppose -t = 7*n - 206. What is the greatest common factor of a and n?
3
Suppose -11*v + 40 = -6*v. Suppose -3*o + 2*q + q + 30 = 0, 2*q + v = 0. Let w = -34 - -82. Calculate the greatest common divisor of w and o.
6
Suppose -10 - 22 = -4*c. Suppose 180 = 5*o + 5. Suppose 2*t - 36 = -2*h - 2*h, -2*t = 3*h - o. What is the greatest common factor of c and t?
8
Let y(r) = -r**3 + 13*r**2 + 5*r - 28. Let p = -432 - -445. Let m be y(p). Let l be (-1*14)/((-4)/74). Calculate the greatest common factor of m and l.
37
Let c(b) = 3*b**3 - 12*b - 4. Let g be c(6). Suppose 0 = -2*l - s + 91, -2*l + 4*s + 60 = -16. What is the greatest common divisor of g and l?
44
Let s be 273 - -7 - 0/(-9). Let b be (-14)/(s/(-15)) - 2/(-8). Calculate the highest common factor of b and 47.
1
Let p(h) = -526*h - 8203. Let q be p(-33). What is the greatest common factor of 5 and q?
5
Suppose 0 = 4*k - 4*b - 60, 7 = -2*k + 3*k + b. Let n(i) = 25*i - 472. Let q be n(19). Calculate the greatest common factor of k and q.
1
Let r be (4/(-3 - -7) - 1) + 182. Let i = r - 168. Calculate the greatest common factor of 4 and i.
2
Suppose -c - f + 11 = 0, 0 = -3*c + 2*f + 1 + 7. Suppose c*l + 919 = 2449. Calculate the greatest common factor of l and 51.
51
Let y = -915 - -950. Calculate the highest common divisor of 5915 and y.
35
Let j be 2/6 - 497/(-21). Let n(a) = 4*a**3 + 3*a**2 + 5*a - 18. Let d be n(7). Calculate the greatest common factor of d and j.
24
Let z(y) = -115*y + 433. Let k be z(3). Calculate the greatest common factor of k and 6.
2
Let y(z) = -z**2 + 40*z + 88. Let o(l) = 2*l**2 - 78*l - 176. Let i(s) = -6*o(s) - 11*y(s). Let c be i(22). What is the greatest common divisor of 44 and c?
44
Let v be (-7 - (-96)/18)/((-1)/3). Suppose 4*x = 2*q + 1261 - 187, v*x + 3*q = 1359. Calculate the highest common divisor of 10 and x.
10
Suppose 1091*l = 1084*l + 231. What is the greatest common factor of 285 and l?
3
Let u(c) = c**2 - 157*c - 481. Let x be u(-5). Suppose 470 = 9*d - 4*d. Calculate the greatest common divisor of d and x.
47
Let q = 44 + -28. Suppose -q = 4*f + 8. Let j be (-2)/((12/91)/f). What is the greatest common divisor of j and 13?
13
Let i(b) = b + 5. Let m be i(-5). Suppose m = 3*f - 5*t - 2 - 6, -3*f = -3*t - 18. Suppose p - f = 106. What is the greatest common factor of 78 and p?
39
Suppose 30 + 38 = 4*f. Let k(l) = 4*l + 9*l**2 + 8*l**2 + l**3 + 8 - 2*l**3 - 31. Let j be k(f). Calculate the highest common divisor of j and 5.
5
Let p(d) = 7*d**2 - 1031*d + 342. Let o be p(147). Calculate the highest common factor of 5248 and o.
16
Suppose s - 54 = 2*s. Let j = -475 + 432. Let l = j - s. What is the highest common factor of 121 and l?
11
Suppose 270 = -3*j + 8*j. Let u = j - 38. Calculate the highest common factor of u and 24.
8
Suppose -10*f + 124*f - 330750 = -12*f. What is the greatest common divisor of f and 70?
35
Let q(w) = w**3 - 19*w**2 - 22*w + 22. Let s be q(20). Let z be (2/12*16)/((-2)/s). Suppose -6 - 3 = -3*j. Calculate the greatest common factor of j and z.
3
Let y(g) = 4*g**3 + 88*g**2 + 60*g - 35. Let j be y(-19). Calculate the greatest common factor of j and 231.
77
Let y(q) = 3*q**3 + 4*q**2 + 9*q + 36. Let a be y(6). What is the greatest common divisor of a and 1386?
126
Let q(x) = 19*x + 10. Let d be q(-4). Let o = d + 69. Suppose 22 = o*j + 7. What is the highest common factor of 5 and j?
5
Let u be 22/(5*1/5). Suppose -352 = -11*t + u. What is the greatest common divisor of 85 and t?
17
Suppose -f + 2*h + 4 = 0, -3*f + 85 = 2*h + 33. Suppose -f*k = 297 - 1081. Let o = -34 + k. Calculate the greatest common divisor of 88 and o.
22
Let g(u) = 144*u + 324. Let v be g(-1). Let f(c) = 2*c**2 - 3*c. Let i be f(3). What is the highest common factor of v and i?
9
Let i(j) = 56*j**3 - 2*j**2 + 10*j - 1. Let f be i(2). Let s = f + -452. Let k = 291 + -179. What is the greatest common factor of s and k?
7
Let a = 3159 + -3073. Calculate the highest common divisor of 29842 and a.
86
Let j(u) = -u**2 - 13*u + 797. Let y be j(-35). Calculate the greatest common divisor of y and 3429.
27
Suppose u - 2038 = -5*o, -5*u + 915 = 3*o - 299. Suppose 53*g - 660 = -2*g. Calculate the highest common factor of g and o.
12
Let s be (-12 - -10)/(0 - (-4)/(-6)) + 1086. Calculate the greatest common factor of s and 484.
121
Suppose -3*c - 10 = 2*c. Let i be c/3*(-6)/4*6. Let f be -9*2*(-4)/12*1. Calculate the greatest common divisor of f and i.
6
Let y be (-14)/((4/(-15))/((-10)/(-25))). Suppose -y*u = -17*u - 36. Calculate the highest common factor of 99 and u.
9
Let k(p) = 5888*p**3. Let j be k(2). What is the greatest common divisor of j and 46?
46
Let k be (-3*1)/(((-25803)/(-2257))/(-141)). Let l(j) = -27*j + 3. Let v be l(-4). Calculate the highest common 